[INFO] cloning repository https://github.com/RomanUvarov1998/image_processing
[INFO] running `Command { std: "git" "-c" "credential.helper=" "-c" "credential.helper=/workspace/cargo-home/bin/git-credential-null" "clone" "--bare" "https://github.com/RomanUvarov1998/image_processing" "/workspace/cache/git-repos/https%3A%2F%2Fgithub.com%2FRomanUvarov1998%2Fimage_processing", kill_on_drop: false }`
[INFO] [stderr] Cloning into bare repository '/workspace/cache/git-repos/https%3A%2F%2Fgithub.com%2FRomanUvarov1998%2Fimage_processing'...
[INFO] running `Command { std: "git" "rev-parse" "HEAD", kill_on_drop: false }`
[INFO] [stdout] 59bba2e8e86cb9d39f7ea2d9052a445bf6f0a00a
[INFO] checking RomanUvarov1998/image_processing against master#e6e4f7ed1589e03bc2f6c5931c1a72e7947e8682 for beta-170-4
[INFO] running `Command { std: "git" "clone" "/workspace/cache/git-repos/https%3A%2F%2Fgithub.com%2FRomanUvarov1998%2Fimage_processing" "/workspace/builds/worker-0-tc2/source", kill_on_drop: false }`
[INFO] [stderr] Cloning into '/workspace/builds/worker-0-tc2/source'...
[INFO] [stderr] done.
[INFO] validating manifest of git repo https://github.com/RomanUvarov1998/image_processing on toolchain e6e4f7ed1589e03bc2f6c5931c1a72e7947e8682
[INFO] running `Command { std: CARGO_HOME="/workspace/cargo-home" RUSTUP_HOME="/workspace/rustup-home" "/workspace/cargo-home/bin/cargo" "+e6e4f7ed1589e03bc2f6c5931c1a72e7947e8682" "metadata" "--manifest-path" "Cargo.toml" "--no-deps", kill_on_drop: false }`
[INFO] started tweaking git repo https://github.com/RomanUvarov1998/image_processing
[INFO] finished tweaking git repo https://github.com/RomanUvarov1998/image_processing
[INFO] tweaked toml for git repo https://github.com/RomanUvarov1998/image_processing written to /workspace/builds/worker-0-tc2/source/Cargo.toml
[INFO] crate git repo https://github.com/RomanUvarov1998/image_processing already has a lockfile, it will not be regenerated
[INFO] running `Command { std: CARGO_HOME="/workspace/cargo-home" RUSTUP_HOME="/workspace/rustup-home" "/workspace/cargo-home/bin/cargo" "+e6e4f7ed1589e03bc2f6c5931c1a72e7947e8682" "fetch" "--manifest-path" "Cargo.toml", kill_on_drop: false }`
[INFO] running `Command { std: "docker" "create" "-v" "/var/lib/crater-agent-workspace/builds/worker-0-tc2/target:/opt/rustwide/target:rw,Z" "-v" "/var/lib/crater-agent-workspace/builds/worker-0-tc2/source:/opt/rustwide/workdir:ro,Z" "-v" "/var/lib/crater-agent-workspace/cargo-home:/opt/rustwide/cargo-home:ro,Z" "-v" "/var/lib/crater-agent-workspace/rustup-home:/opt/rustwide/rustup-home:ro,Z" "-e" "SOURCE_DIR=/opt/rustwide/workdir" "-e" "CARGO_TARGET_DIR=/opt/rustwide/target" "-e" "CARGO_HOME=/opt/rustwide/cargo-home" "-e" "RUSTUP_HOME=/opt/rustwide/rustup-home" "-w" "/opt/rustwide/workdir" "-m" "1610612736" "--user" "0:0" "--network" "none" "ghcr.io/rust-lang/crates-build-env/linux@sha256:19e73879b68f455e41552ea35293514db52ea292d993f571636dbffedb77a1ee" "/opt/rustwide/cargo-home/bin/cargo" "+e6e4f7ed1589e03bc2f6c5931c1a72e7947e8682" "metadata" "--no-deps" "--format-version=1", kill_on_drop: false }`
[INFO] [stdout] 3d8f293fc44b9547c4b290bdb0af2175e371c277670431c821a4f4f9bc5dc79e
[INFO] running `Command { std: "docker" "start" "-a" "3d8f293fc44b9547c4b290bdb0af2175e371c277670431c821a4f4f9bc5dc79e", kill_on_drop: false }`
[INFO] running `Command { std: "docker" "inspect" "3d8f293fc44b9547c4b290bdb0af2175e371c277670431c821a4f4f9bc5dc79e", kill_on_drop: false }`
[INFO] running `Command { std: "docker" "rm" "-f" "3d8f293fc44b9547c4b290bdb0af2175e371c277670431c821a4f4f9bc5dc79e", kill_on_drop: false }`
[INFO] [stdout] 3d8f293fc44b9547c4b290bdb0af2175e371c277670431c821a4f4f9bc5dc79e
[INFO] running `Command { std: "docker" "create" "-v" "/var/lib/crater-agent-workspace/builds/worker-0-tc2/target:/opt/rustwide/target:rw,Z" "-v" "/var/lib/crater-agent-workspace/builds/worker-0-tc2/source:/opt/rustwide/workdir:ro,Z" "-v" "/var/lib/crater-agent-workspace/cargo-home:/opt/rustwide/cargo-home:ro,Z" "-v" "/var/lib/crater-agent-workspace/rustup-home:/opt/rustwide/rustup-home:ro,Z" "-e" "SOURCE_DIR=/opt/rustwide/workdir" "-e" "CARGO_TARGET_DIR=/opt/rustwide/target" "-e" "CARGO_INCREMENTAL=0" "-e" "RUST_BACKTRACE=full" "-e" "RUSTFLAGS=--cap-lints=forbid" "-e" "RUSTDOCFLAGS=--cap-lints=forbid" "-e" "CARGO_HOME=/opt/rustwide/cargo-home" "-e" "RUSTUP_HOME=/opt/rustwide/rustup-home" "-w" "/opt/rustwide/workdir" "-m" "1610612736" "--user" "0:0" "--network" "none" "ghcr.io/rust-lang/crates-build-env/linux@sha256:19e73879b68f455e41552ea35293514db52ea292d993f571636dbffedb77a1ee" "/opt/rustwide/cargo-home/bin/cargo" "+e6e4f7ed1589e03bc2f6c5931c1a72e7947e8682" "check" "--frozen" "--all" "--all-targets" "--message-format=json", kill_on_drop: false }`
[INFO] [stdout] f0fe5529fe44abaf7af3f18505de5582f73e15b5e2ded64bd7feca2ed4e3464d
[INFO] running `Command { std: "docker" "start" "-a" "f0fe5529fe44abaf7af3f18505de5582f73e15b5e2ded64bd7feca2ed4e3464d", kill_on_drop: false }`
[INFO] [stderr]    Compiling libc v0.2.98
[INFO] [stderr]    Compiling syn v1.0.74
[INFO] [stderr]    Compiling semver v1.0.3
[INFO] [stderr]    Compiling serde v1.0.126
[INFO] [stderr]    Compiling memoffset v0.6.4
[INFO] [stderr]    Compiling cc v1.0.67
[INFO] [stderr]    Compiling crossbeam-epoch v0.9.5
[INFO] [stderr]    Compiling memchr v2.4.0
[INFO] [stderr]     Checking walkdir v2.3.2
[INFO] [stderr]    Compiling rayon-core v1.9.1
[INFO] [stderr]     Checking either v1.6.1
[INFO] [stderr]    Compiling rust-embed-utils v5.1.0
[INFO] [stderr]    Compiling rayon v1.5.1
[INFO] [stderr]     Checking regex-automata v0.1.10
[INFO] [stderr]     Checking plotters-backend v0.3.2
[INFO] [stderr]     Checking half v1.7.1
[INFO] [stderr]     Checking regex-syntax v0.6.25
[INFO] [stderr]     Checking itertools v0.9.0
[INFO] [stderr]     Checking jpeg-encoder v0.1.0
[INFO] [stderr]     Checking plotters-svg v0.3.1
[INFO] [stderr]     Checking itertools v0.10.1
[INFO] [stderr]     Checking clap v2.33.3
[INFO] [stderr]     Checking oorandom v11.1.3
[INFO] [stderr]     Checking plotters v0.3.1
[INFO] [stderr]    Compiling cmake v0.1.45
[INFO] [stderr]    Compiling rustc_version v0.4.0
[INFO] [stderr]     Checking crossbeam-deque v0.8.0
[INFO] [stderr]    Compiling fltk-sys v1.1.4
[INFO] [stderr]    Compiling cast v0.2.7
[INFO] [stderr]     Checking csv-core v0.1.10
[INFO] [stderr]     Checking num_cpus v1.13.0
[INFO] [stderr]     Checking time v0.1.44
[INFO] [stderr]     Checking raw-window-handle v0.3.3
[INFO] [stderr]     Checking atty v0.2.14
[INFO] [stderr]     Checking regex v1.5.4
[INFO] [stderr]     Checking chrono v0.4.19
[INFO] [stderr]     Checking criterion-plot v0.4.3
[INFO] [stderr]     Checking serde_json v1.0.64
[INFO] [stderr]     Checking bstr v0.2.16
[INFO] [stderr]     Checking serde_cbor v0.11.1
[INFO] [stderr]     Checking csv v1.1.6
[INFO] [stderr]     Checking tinytemplate v1.2.1
[INFO] [stderr]    Compiling rust-embed-impl v5.9.0
[INFO] [stderr]    Compiling fltk-derive v1.1.4
[INFO] [stderr]    Compiling serde_derive v1.0.126
[INFO] [stderr]     Checking rust-embed v5.9.0
[INFO] [stderr]     Checking criterion v0.3.4
[INFO] [stderr]     Checking fltk v1.1.4
[INFO] [stderr]     Checking image_processing v0.1.0 (/opt/rustwide/workdir)
[INFO] [stdout] error: proc-macro derive panicked
[INFO] [stdout]  --> src/my_ui/embedded_images.rs:1:10
[INFO] [stdout]   |
[INFO] [stdout] 1 | #[derive(RustEmbed)]
[INFO] [stdout]   |          ^^^^^^^^^
[INFO] [stdout]   |
[INFO] [stdout]   = help: message: #[derive(RustEmbed)] folder '/opt/rustwide/workdir/icons\' does not exist. cwd: '/opt/rustwide/workdir'
[INFO] [stdout] 
[INFO] [stdout] 
[INFO] [stdout] error: proc-macro derive panicked
[INFO] [stdout]  --> src/my_ui/embedded_images.rs:1:10
[INFO] [stdout]   |
[INFO] [stdout] 1 | #[derive(RustEmbed)]
[INFO] [stdout]   |          ^^^^^^^^^
[INFO] [stdout]   |
[INFO] [stdout]   = help: message: #[derive(RustEmbed)] folder '/opt/rustwide/workdir/icons\' does not exist. cwd: '/opt/rustwide/workdir'
[INFO] [stdout] 
[INFO] [stdout] 
[INFO] [stdout] error[E0599]: no function or associated item named `get` found for struct `Asset` in the current scope
[INFO] [stdout]   --> src/my_ui/usual.rs:30:28
[INFO] [stdout]    |
[INFO] [stdout] 30 |         let bytes = Asset::get(path).expect(&format!(
[INFO] [stdout]    |                            ^^^ function or associated item not found in `Asset`
[INFO] [stdout]    |
[INFO] [stdout]   ::: src/my_ui/embedded_images.rs:3:1
[INFO] [stdout]    |
[INFO] [stdout] 3  | pub struct Asset;
[INFO] [stdout]    | ---------------- function or associated item `get` not found for this struct
[INFO] [stdout]    |
[INFO] [stdout]    = help: items from traits can only be used if the trait is implemented and in scope
[INFO] [stdout]    = note: the following traits define an item `get`, perhaps you need to implement one of them:
[INFO] [stdout]            candidate #1: `SliceIndex`
[INFO] [stdout]            candidate #2: `RustEmbed`
[INFO] [stdout] 
[INFO] [stdout] 
[INFO] [stdout] error[E0599]: no method named `pixels` found for reference `&matrix2d::Matrix2D` in the current scope
[INFO] [stdout]    --> src/img/img.rs:844:26
[INFO] [stdout]     |
[INFO] [stdout] 842 |                       assert!(layer_a
[INFO] [stdout]     |  _____________________________-
[INFO] [stdout] 843 | |                         .matrix()
[INFO] [stdout] 844 | |                         .pixels()
[INFO] [stdout]     | |                         -^^^^^^ method not found in `&Matrix2D`
[INFO] [stdout]     | |_________________________|
[INFO] [stdout]     | 
[INFO] [stdout] 
[INFO] [stdout] 
[INFO] [stdout] error[E0599]: no method named `pixels` found for reference `&matrix2d::Matrix2D` in the current scope
[INFO] [stdout]    --> src/img/img.rs:870:26
[INFO] [stdout]     |
[INFO] [stdout] 868 |                       assert!(layer_a
[INFO] [stdout]     |  _____________________________-
[INFO] [stdout] 869 | |                         .matrix()
[INFO] [stdout] 870 | |                         .pixels()
[INFO] [stdout]     | |                         -^^^^^^ method not found in `&Matrix2D`
[INFO] [stdout]     | |_________________________|
[INFO] [stdout]     | 
[INFO] [stdout] 
[INFO] [stdout] 
[INFO] [stdout] error[E0599]: no method named `pixels` found for reference `&matrix2d::Matrix2D` in the current scope
[INFO] [stdout]    --> src/img/img.rs:879:24
[INFO] [stdout]     |
[INFO] [stdout] 879 |         assert!(matrix.pixels().iter().all(|p| p.abs() <= std::f64::EPSILON));
[INFO] [stdout]     |                        ^^^^^^ method not found in `&Matrix2D`
[INFO] [stdout] 
[INFO] [stdout] 
[INFO] [stdout] error: aborting due to 2 previous errors
[INFO] [stdout] 
[INFO] [stdout] 
[INFO] [stdout] For more information about this error, try `rustc --explain E0599`.
[INFO] [stdout] 
[INFO] [stderr] error: could not compile `image_processing` (lib) due to 3 previous errors
[INFO] [stderr] warning: build failed, waiting for other jobs to finish...
[INFO] [stdout] error[E0599]: no function or associated item named `get` found for struct `Asset` in the current scope
[INFO] [stdout]   --> src/my_ui/usual.rs:30:28
[INFO] [stdout]    |
[INFO] [stdout] 30 |         let bytes = Asset::get(path).expect(&format!(
[INFO] [stdout]    |                            ^^^ function or associated item not found in `Asset`
[INFO] [stdout]    |
[INFO] [stdout]   ::: src/my_ui/embedded_images.rs:3:1
[INFO] [stdout]    |
[INFO] [stdout] 3  | pub struct Asset;
[INFO] [stdout]    | ---------------- function or associated item `get` not found for this struct
[INFO] [stdout]    |
[INFO] [stdout]    = help: items from traits can only be used if the trait is implemented and in scope
[INFO] [stdout]    = note: the following traits define an item `get`, perhaps you need to implement one of them:
[INFO] [stdout]            candidate #1: `SliceIndex`
[INFO] [stdout]            candidate #2: `RustEmbed`
[INFO] [stdout] 
[INFO] [stdout] 
[INFO] [stdout] error: aborting due to 5 previous errors
[INFO] [stdout] 
[INFO] [stdout] 
[INFO] [stdout] For more information about this error, try `rustc --explain E0599`.
[INFO] [stdout] 
[INFO] [stderr] error: could not compile `image_processing` (lib test) due to 6 previous errors
[INFO] running `Command { std: "docker" "inspect" "f0fe5529fe44abaf7af3f18505de5582f73e15b5e2ded64bd7feca2ed4e3464d", kill_on_drop: false }`
[INFO] running `Command { std: "docker" "rm" "-f" "f0fe5529fe44abaf7af3f18505de5582f73e15b5e2ded64bd7feca2ed4e3464d", kill_on_drop: false }`
[INFO] [stdout] f0fe5529fe44abaf7af3f18505de5582f73e15b5e2ded64bd7feca2ed4e3464d
